{"id":676,"date":"2012-11-02T17:19:41","date_gmt":"2012-11-02T17:19:41","guid":{"rendered":"http:\/\/www.strapp.de\/wordpress\/?page_id=676"},"modified":"2026-08-20T12:42:55","modified_gmt":"2026-08-20T12:42:55","slug":"strappblog","status":"publish","type":"page","link":"https:\/\/siegfriedtrapp.de\/radblog\/","title":{"rendered":"\u00dcbersicht der Radreisen"},"content":{"rendered":"\n<h3 class=\"wp-block-heading has-text-align-center\"><span style=\"font-size: 16pt;\">Das Fahrrad ist das Paradies, aus dem wir vertrieben wurden. Vom Stand der Technik aus gesehen erscheint das Fahrrad als der Gipfel der Vers\u00f6hnung von Mensch und Natur. Das Fahrrad als Versprechen einer humanen Moderne, einer humanen Technik, die sich symbiotisch zur Natur verh\u00e4lt. Das Fahrrad rei\u00dft den Menschen nicht aus der Natur heraus. Das Fahrrad ist dem Menschen zu Diensten, ohne dass eS \u00fcber ihm thront. Der strampelnde Mensch auf dem Rad taugte nie als Sinnbild von Hybris. Das Fahrrad ist das letzte Versprechen einer Technik ohne Dialektik, ohne Umschlag in die Katastrophe.<\/span><\/h3>\n\n\n\n<p class=\"has-text-align-center wp-block-paragraph\"><span style=\"font-size: 12pt;\">Textquelle: <em>&#8222;Die Philosophie des Radfahrens&#8220; von J. Ilund\u00e1in-Agurruza, M. W. Austin und P. Reichenbach (Hg.), Mairisch Verlag.<\/em><\/span><br>\n<br class=\"\u201cclear\u201d\"><br class=\"\u201cclear\u201d\"><\/p>\n\n\n\n<h3 class=\"wp-block-heading has-text-align-center has-text-color has-link-color wp-elements-1\" style=\"color:#001e04;font-style:normal;font-weight:600\"><span style=\"font-family: tahoma, arial, helvetica, sans-serif; font-size: 16pt; color: #001e04;\"><span style=\"color: #001e04;\"><a href=\"https:\/\/siegfriedtrapp.de\/radblog\/strappblog\/europa-radreise-1983\/\">Europa-Radreise 1983<\/a><\/span><\/span><\/h3>\n\n\n\n<h3 class=\"wp-block-heading has-text-align-center has-text-color has-link-color wp-elements-2\" style=\"color:#001e04;font-style:normal;font-weight:600\"><span style=\"font-family: tahoma, arial, helvetica, sans-serif; font-size: 16pt; color: ##001e04;\"><a style=\"color: ##001e04;\" title=\"(00) Radweg \u201cEiserner Vorhang und gr\u00fcnes Band\u201d\" href=\"https:\/\/siegfriedtrapp.de\/radblog\/radweg-eisener-vorhang-und-grunes-band\/\">Eiserner Vorhang und gr\u00fcnes Band 2011<\/a><\/span><\/h3>\n\n\n\n<h3 class=\"wp-block-heading has-text-align-center has-text-color has-link-color wp-elements-3\" style=\"color:#001e04;font-style:normal;font-weight:600\"><span style=\"font-family: tahoma, arial, helvetica, sans-serif; font-size: 16pt; color: ##001e04;\"><a style=\"color: ##001e04;\" href=\"https:\/\/siegfriedtrapp.de\/radblog\/rad-aalen-wien\/\">Aalen &#8211; Wien 2012<\/a><\/span><\/h3>\n\n\n\n<h3 class=\"wp-block-heading has-text-align-center has-text-color has-link-color wp-elements-4\" style=\"color:#001e04;font-style:normal;font-weight:600\"><span style=\"font-family: tahoma, arial, helvetica, sans-serif; font-size: 16pt; color: ##001e04;\"><a style=\"color: ##001e04;\" title=\"Moor und Wasser\" href=\"https:\/\/siegfriedtrapp.de\/radblog\/moor-und-wasser\/\">Moor und Wasser 2013<\/a><\/span><\/h3>\n\n\n\n<h3 class=\"wp-block-heading has-text-align-center has-text-color has-link-color wp-elements-5\" style=\"color:#001e04;font-style:normal;font-weight:600\"><span style=\"font-family: tahoma, arial, helvetica, sans-serif; font-size: 16pt; color: ##001e04;\"><a style=\"color: ##001e04;\" title=\"Lonetal\" href=\"https:\/\/siegfriedtrapp.de\/radblog\/lonetal\/\">Lonetal 2013<\/a><\/span><\/h3>\n\n\n\n<h3 class=\"wp-block-heading has-text-align-center has-text-color has-link-color wp-elements-6\" style=\"color:#001e04;font-style:normal;font-weight:600\"><span style=\"color: ##001e04; font-size: 16pt;\"><span style=\"font-family: tahoma, arial, helvetica, sans-serif;\"><a style=\"color: ##001e04;\" title=\"Albumrundung\" href=\"https:\/\/siegfriedtrapp.de\/radblog\/albumrundung\/\">Albumrundung 2014<\/a><\/span><\/span><\/h3>\n\n\n\n<h3 class=\"wp-block-heading has-text-align-center has-text-color has-link-color wp-elements-7\" style=\"color:#001e04;font-style:normal;font-weight:600\"><span style=\"font-family: tahoma, arial, helvetica, sans-serif; font-size: 16pt; color: #001e04;\"><a style=\"color: #001e04;\" title=\"Stadt, Fluss, Berg\" href=\"https:\/\/siegfriedtrapp.de\/radblog\/stadt-fluss-berg\/\">Stadt, Fluss, Berg 2014<\/a><\/span><\/h3>\n\n\n\n<h3 class=\"wp-block-heading has-text-align-center has-text-color has-link-color wp-elements-8\" style=\"color:#001e04;font-style:normal;font-weight:600\"><span style=\"color: #001e04; font-size: 16pt;\"><span style=\"font-family: tahoma, arial, helvetica, sans-serif;\"><a style=\"color: #001e04;\" title=\"Albumrundung\" href=\"https:\/\/siegfriedtrapp.de\/radblog\/albumrundung\/\">Albumrundung 2014<\/a><\/span><\/span><\/h3>\n\n\n\n<h3 class=\"wp-block-heading has-text-align-center has-text-color has-link-color wp-elements-9\" style=\"color:#001e04;font-style:normal;font-weight:600\"><span style=\"font-family: tahoma, arial, helvetica, sans-serif; font-size: 16pt; color: #001e04;\"><a style=\"color: #001e04;\" title=\"Stadt, Fluss, Berg\" href=\"https:\/\/siegfriedtrapp.de\/radblog\/startseite-limes-radweg\/\">Limes &#8211; Radweg 2015<\/a><\/span><\/h3>\n\n\n\n<h3 class=\"wp-block-heading has-text-align-center has-text-color has-link-color wp-elements-10\" style=\"color:#001e04;font-style:normal;font-weight:600\"><span style=\"font-family: tahoma, arial, helvetica, sans-serif; font-size: 16pt; color: #001e04;\"><a style=\"color: #001e04;\" title=\"Stadt, Fluss, Berg\" href=\"https:\/\/siegfriedtrapp.de\/radblog\/albtaeler\">Albt\u00e4ler 2015<\/a><\/span><\/h3>\n\n\n\n<h3 class=\"wp-block-heading has-text-align-center has-text-color has-link-color wp-elements-11\" style=\"color:#001e04;font-style:normal;font-weight:600\"><span style=\"color: #001e04;\"><a style=\"color: #001e04;\" href=\"https:\/\/siegfriedtrapp.de\/radblog\/die-via-de-la-plata-mit-dem-rad\/\"><span style=\"font-family: tahoma, arial, helvetica, sans-serif; font-size: 16pt;\">Via de la Plata 2022<\/span><\/a><\/span><\/h3>\n\n\n\n<p class=\"wp-block-paragraph\">&nbsp;<\/p>\n\n\n\n<p class=\"wp-block-paragraph\">&nbsp;<br>\n<br class=\"\u201cclear\u201d\"><br class=\"\u201cclear\u201d\"><\/p>\n\n\n\n<h1 class=\"wp-block-heading has-text-align-center\">&nbsp;<\/h1>\n\n\n\n<h2 class=\"wp-block-heading has-text-align-center has-text-color has-link-color\"><span style=\"color: #194019; font-size: 18pt;\"><span style=\"color: #ff6600;\"><a href=\"https:\/\/siegfriedtrapp.de\/verbandregel\/\">Wenig bekannt: Die Verbandregel<\/a><\/span><\/span><\/h2>\n\n\n\n<h2 class=\"wp-block-heading has-text-align-center\" style=\"font-size:12px\"><a href=\"https:\/\/fahrradklima-test.adfc.de\/ergebnisse\" target=\"_blank\" rel=\"noopener\"><span style=\"font-size: 18pt; color: #993300;\">ADFC-Fahrradklima-Test 2024 <span style=\"font-size: 18pt;\"><span style=\"color: #800000;\">|<\/span><\/span><\/span><\/a><a href=\"https:\/\/fahrradklima-test.adfc.de\/ergebnisse\" target=\"_blank\" rel=\"noopener\"><span style=\"font-size: 18pt; color: #993300;\">&nbsp;Alle Ergebnisse im \u00dcberblick<\/span><\/a><\/h2>\n\n\n\n<p class=\"has-text-align-center wp-block-paragraph\"><span style=\"font-size: 18pt;\"><span style=\"color: #8a5f15;\"><a style=\"color: #8a5f15;\" href=\"https:\/\/fkt2.team-red.net\/pdf\/2024\/08136088_Aalen_FKT2024.pdf\" target=\"_blank\" rel=\"noopener\">ADFC-Fahrradklima-Test 2024<\/a><\/span> <span style=\"color: #800000;\">|<\/span> <span style=\"color: #8a5f15;\"><a style=\"color: #8a5f15;\" href=\"https:\/\/fkt2.team-red.net\/pdf\/2024\/08136088_Aalen_FKT2024.pdf\" target=\"_blank\" rel=\"noopener\">Auswertung Aalen<\/a><\/span><\/span><\/p>\n\n\n\n<h2 class=\"wp-block-heading has-text-align-center\"><span style=\"color: #194019; font-size: 16pt;\"><a style=\"color: #194019;\" href=\"https:\/\/www.adfc.de\/artikel\/adfc-aktion-pop-up-bike-lane\/\" target=\"_blank\" rel=\"noopener\"><span style=\"color: #ff6600;\">Pop-Up-Fahrradstreifen<\/span><\/a> <\/span><\/h2>\n\n\n\n<h2 class=\"wp-block-heading has-text-align-center\"><span style=\"color: #339966;\"><a style=\"color: #339966;\" href=\"https:\/\/de.wikipedia.org\/wiki\/Copenhagenize_Index\" target=\"_blank\" rel=\"noopener\"><span style=\"font-size: 24pt;\"><span style=\"font-size: 16pt;\"><span style=\"font-family: 'book antiqua', palatino;\">Copenhagenize Index<\/span><\/span><\/span><\/a> <\/span><\/h2>\n\n\n\n<h2 class=\"wp-block-heading has-text-align-center has-text-color has-link-color wp-elements-12\" style=\"color:#39054c\"><span style=\"font-size: 18pt;\"><span style=\"color: #ff6600;\"><span style=\"color: #f21d4b;\"><span style=\"font-family: georgia, palatino, serif;\"><a href=\"https:\/\/www.radfahren.de\/gesundheit\/feinstaub-stadt\/\" target=\"_blank\" rel=\"noopener\">Wie &#8222;dick&#8220; ist die Luft f\u00fcr Fahrradfahrer?&nbsp;<\/a><\/span><\/span><\/span><\/span><\/h2>\n\n\n\n<h2 class=\"wp-block-heading has-text-align-center has-text-color has-link-color wp-elements-13\" style=\"color:#ff4040\"><span style=\"font-size: 18pt;\"><a href=\"https:\/\/www.strapp.de\/Meine%20Radikalisierung\" target=\"_blank\" rel=\"noopener\"><span style=\"color: ff4040;\"><span style=\"color: ff4040;\"><span style=\"font-family: georgia, palatino, serif;\"><span style=\"color: #ff4040;\">Meine Radikalisierung<\/span><\/span><\/span><\/span><\/a><\/span><\/h2>\n\n\n\n<div id=\"xr_xrii\" class=\"xr_ap\">\n<div id=\"xr_xr\" class=\"xr_ap\">\n<div id=\"xr_td\" class=\"xr_td\">\n<div id=\"xr_xrc1\" class=\"xr_ap xr_xri_ xr_xrc\">\n<div class=\"xr_s495\" style=\"text-align: center;\"><a href=\"https:\/\/www.strapp.de\/parken\" target=\"_blank\" rel=\"noopener\"><span style=\"font-family: impact, sans-serif; font-size: 20pt;\">PARKEN &#8211; \u00d6ffentlicher Abstellraum<\/span><\/a><\/div>\n<div>&nbsp;<\/div>\n<div class=\"xr_s495\" style=\"text-align: center;\"><a href=\"https:\/\/www.strapp.de\/radfahrer\" target=\"_blank\" rel=\"noopener\"><span class=\"xr_tl xr_s495\" style=\"font-size: 18pt; color: #ff9900;\"><span class=\"xr_s499\">Gesundheitsf\u00f6rderung<\/span><\/span><\/a><\/div>\n<div>&nbsp;<\/div>\n<\/div>\n<div style=\"text-align: center;\">&nbsp;<\/div>\n<div id=\"xr_xrc1\" class=\"xr_ap xr_xri_ xr_xrc\">\n<div>&nbsp;<\/div>\n<\/div>\n<\/div>\n<\/div>\n<\/div>\n\n\n\n<p class=\"wp-block-paragraph\"><\/p>\n","protected":false},"excerpt":{"rendered":"<p>Das Fahrrad ist das Paradies, aus dem wir vertrieben wurden. Vom Stand der Technik aus gesehen erscheint das Fahrrad als der Gipfel der Vers\u00f6hnung von Mensch und Natur. Das Fahrrad als Versprechen einer humanen Moderne, einer humanen Technik, die sich &hellip; <a href=\"https:\/\/siegfriedtrapp.de\/radblog\/\">Weiterlesen <span class=\"meta-nav\">&rarr;<\/span><\/a><\/p>\n","protected":false},"author":1,"featured_media":0,"parent":0,"menu_order":0,"comment_status":"closed","ping_status":"open","template":"","meta":{"ngg_post_thumbnail":0,"footnotes":""},"class_list":["post-676","page","type-page","status-publish","hentry"],"_links":{"self":[{"href":"https:\/\/siegfriedtrapp.de\/radblog\/wp-json\/wp\/v2\/pages\/676","targetHints":{"allow":["GET"]}}],"collection":[{"href":"https:\/\/siegfriedtrapp.de\/radblog\/wp-json\/wp\/v2\/pages"}],"about":[{"href":"https:\/\/siegfriedtrapp.de\/radblog\/wp-json\/wp\/v2\/types\/page"}],"author":[{"embeddable":true,"href":"https:\/\/siegfriedtrapp.de\/radblog\/wp-json\/wp\/v2\/users\/1"}],"replies":[{"embeddable":true,"href":"https:\/\/siegfriedtrapp.de\/radblog\/wp-json\/wp\/v2\/comments?post=676"}],"version-history":[{"count":200,"href":"https:\/\/siegfriedtrapp.de\/radblog\/wp-json\/wp\/v2\/pages\/676\/revisions"}],"predecessor-version":[{"id":7362,"href":"https:\/\/siegfriedtrapp.de\/radblog\/wp-json\/wp\/v2\/pages\/676\/revisions\/7362"}],"wp:attachment":[{"href":"https:\/\/siegfriedtrapp.de\/radblog\/wp-json\/wp\/v2\/media?parent=676"}],"curies":[{"name":"wp","href":"https:\/\/api.w.org\/{rel}","templated":true}]}}

Übersicht der Radreisen

<h3 class="wp-block-heading has-text-align-center"><span style="font-size: 16pt;">Das Fahrrad ist das Paradies, aus dem wir vertrieben wurden. Vom Stand der Technik aus gesehen erscheint das Fahrrad als der Gipfel der Versöhnung von Mensch und Natur. Das Fahrrad als Versprechen einer humanen Moderne, einer humanen Technik, die sich symbiotisch zur Natur verhält. Das Fahrrad reißt den Menschen nicht aus der Natur heraus. Das Fahrrad ist dem Menschen zu Diensten, ohne dass eS über ihm thront. Der strampelnde Mensch auf dem Rad taugte nie als Sinnbild von Hybris. Das Fahrrad ist das letzte Versprechen einer Technik ohne Dialektik, ohne Umschlag in die Katastrophe.</span></h3>



<p class="has-text-align-center wp-block-paragraph"><span style="font-size: 12pt;">Textquelle: <em>&#8222;Die Philosophie des Radfahrens&#8220; von J. Ilundáin-Agurruza, M. W. Austin und P. Reichenbach (Hg.), Mairisch Verlag.</em></span><br>
<br class="“clear”"><br class="“clear”"></p>



<h3 class="wp-block-heading has-text-align-center has-text-color has-link-color wp-elements-1" style="color:#001e04;font-style:normal;font-weight:600"><span style="font-family: tahoma, arial, helvetica, sans-serif; font-size: 16pt; color: #001e04;"><span style="color: #001e04;"><a href="https://siegfriedtrapp.de/radblog/strappblog/europa-radreise-1983/">Europa-Radreise 1983</a></span></span></h3>



<h3 class="wp-block-heading has-text-align-center has-text-color has-link-color wp-elements-2" style="color:#001e04;font-style:normal;font-weight:600"><span style="font-family: tahoma, arial, helvetica, sans-serif; font-size: 16pt; color: ##001e04;"><a style="color: ##001e04;" title="(00) Radweg “Eiserner Vorhang und grünes Band”" href="https://siegfriedtrapp.de/radblog/radweg-eisener-vorhang-und-grunes-band/">Eiserner Vorhang und grünes Band 2011</a></span></h3>



<h3 class="wp-block-heading has-text-align-center has-text-color has-link-color wp-elements-3" style="color:#001e04;font-style:normal;font-weight:600"><span style="font-family: tahoma, arial, helvetica, sans-serif; font-size: 16pt; color: ##001e04;"><a style="color: ##001e04;" href="https://siegfriedtrapp.de/radblog/rad-aalen-wien/">Aalen &#8211; Wien 2012</a></span></h3>



<h3 class="wp-block-heading has-text-align-center has-text-color has-link-color wp-elements-4" style="color:#001e04;font-style:normal;font-weight:600"><span style="font-family: tahoma, arial, helvetica, sans-serif; font-size: 16pt; color: ##001e04;"><a style="color: ##001e04;" title="Moor und Wasser" href="https://siegfriedtrapp.de/radblog/moor-und-wasser/">Moor und Wasser 2013</a></span></h3>



<h3 class="wp-block-heading has-text-align-center has-text-color has-link-color wp-elements-5" style="color:#001e04;font-style:normal;font-weight:600"><span style="font-family: tahoma, arial, helvetica, sans-serif; font-size: 16pt; color: ##001e04;"><a style="color: ##001e04;" title="Lonetal" href="https://siegfriedtrapp.de/radblog/lonetal/">Lonetal 2013</a></span></h3>



<h3 class="wp-block-heading has-text-align-center has-text-color has-link-color wp-elements-6" style="color:#001e04;font-style:normal;font-weight:600"><span style="color: ##001e04; font-size: 16pt;"><span style="font-family: tahoma, arial, helvetica, sans-serif;"><a style="color: ##001e04;" title="Albumrundung" href="https://siegfriedtrapp.de/radblog/albumrundung/">Albumrundung 2014</a></span></span></h3>



<h3 class="wp-block-heading has-text-align-center has-text-color has-link-color wp-elements-7" style="color:#001e04;font-style:normal;font-weight:600"><span style="font-family: tahoma, arial, helvetica, sans-serif; font-size: 16pt; color: #001e04;"><a style="color: #001e04;" title="Stadt, Fluss, Berg" href="https://siegfriedtrapp.de/radblog/stadt-fluss-berg/">Stadt, Fluss, Berg 2014</a></span></h3>



<h3 class="wp-block-heading has-text-align-center has-text-color has-link-color wp-elements-8" style="color:#001e04;font-style:normal;font-weight:600"><span style="color: #001e04; font-size: 16pt;"><span style="font-family: tahoma, arial, helvetica, sans-serif;"><a style="color: #001e04;" title="Albumrundung" href="https://siegfriedtrapp.de/radblog/albumrundung/">Albumrundung 2014</a></span></span></h3>



<h3 class="wp-block-heading has-text-align-center has-text-color has-link-color wp-elements-9" style="color:#001e04;font-style:normal;font-weight:600"><span style="font-family: tahoma, arial, helvetica, sans-serif; font-size: 16pt; color: #001e04;"><a style="color: #001e04;" title="Stadt, Fluss, Berg" href="https://siegfriedtrapp.de/radblog/startseite-limes-radweg/">Limes &#8211; Radweg 2015</a></span></h3>



<h3 class="wp-block-heading has-text-align-center has-text-color has-link-color wp-elements-10" style="color:#001e04;font-style:normal;font-weight:600"><span style="font-family: tahoma, arial, helvetica, sans-serif; font-size: 16pt; color: #001e04;"><a style="color: #001e04;" title="Stadt, Fluss, Berg" href="https://siegfriedtrapp.de/radblog/albtaeler">Albtäler 2015</a></span></h3>



<h3 class="wp-block-heading has-text-align-center has-text-color has-link-color wp-elements-11" style="color:#001e04;font-style:normal;font-weight:600"><span style="color: #001e04;"><a style="color: #001e04;" href="https://siegfriedtrapp.de/radblog/die-via-de-la-plata-mit-dem-rad/"><span style="font-family: tahoma, arial, helvetica, sans-serif; font-size: 16pt;">Via de la Plata 2022</span></a></span></h3>



<p class="wp-block-paragraph">&nbsp;</p>



<p class="wp-block-paragraph">&nbsp;<br>
<br class="“clear”"><br class="“clear”"></p>



<h1 class="wp-block-heading has-text-align-center">&nbsp;</h1>



<h2 class="wp-block-heading has-text-align-center has-text-color has-link-color"><span style="color: #194019; font-size: 18pt;"><span style="color: #ff6600;"><a href="https://siegfriedtrapp.de/verbandregel/">Wenig bekannt: Die Verbandregel</a></span></span></h2>



<h2 class="wp-block-heading has-text-align-center" style="font-size:12px"><a href="https://fahrradklima-test.adfc.de/ergebnisse" target="_blank" rel="noopener"><span style="font-size: 18pt; color: #993300;">ADFC-Fahrradklima-Test 2024 <span style="font-size: 18pt;"><span style="color: #800000;">|</span></span></span></a><a href="https://fahrradklima-test.adfc.de/ergebnisse" target="_blank" rel="noopener"><span style="font-size: 18pt; color: #993300;">&nbsp;Alle Ergebnisse im Überblick</span></a></h2>



<p class="has-text-align-center wp-block-paragraph"><span style="font-size: 18pt;"><span style="color: #8a5f15;"><a style="color: #8a5f15;" href="https://fkt2.team-red.net/pdf/2024/08136088_Aalen_FKT2024.pdf" target="_blank" rel="noopener">ADFC-Fahrradklima-Test 2024</a></span> <span style="color: #800000;">|</span> <span style="color: #8a5f15;"><a style="color: #8a5f15;" href="https://fkt2.team-red.net/pdf/2024/08136088_Aalen_FKT2024.pdf" target="_blank" rel="noopener">Auswertung Aalen</a></span></span></p>



<h2 class="wp-block-heading has-text-align-center"><span style="color: #194019; font-size: 16pt;"><a style="color: #194019;" href="https://www.adfc.de/artikel/adfc-aktion-pop-up-bike-lane/" target="_blank" rel="noopener"><span style="color: #ff6600;">Pop-Up-Fahrradstreifen</span></a> </span></h2>



<h2 class="wp-block-heading has-text-align-center"><span style="color: #339966;"><a style="color: #339966;" href="https://de.wikipedia.org/wiki/Copenhagenize_Index" target="_blank" rel="noopener"><span style="font-size: 24pt;"><span style="font-size: 16pt;"><span style="font-family: 'book antiqua', palatino;">Copenhagenize Index</span></span></span></a> </span></h2>



<h2 class="wp-block-heading has-text-align-center has-text-color has-link-color wp-elements-12" style="color:#39054c"><span style="font-size: 18pt;"><span style="color: #ff6600;"><span style="color: #f21d4b;"><span style="font-family: georgia, palatino, serif;"><a href="https://www.radfahren.de/gesundheit/feinstaub-stadt/" target="_blank" rel="noopener">Wie &#8222;dick&#8220; ist die Luft für Fahrradfahrer?&nbsp;</a></span></span></span></span></h2>



<h2 class="wp-block-heading has-text-align-center has-text-color has-link-color wp-elements-13" style="color:#ff4040"><span style="font-size: 18pt;"><a href="https://www.strapp.de/Meine%20Radikalisierung" target="_blank" rel="noopener"><span style="color: ff4040;"><span style="color: ff4040;"><span style="font-family: georgia, palatino, serif;"><span style="color: #ff4040;">Meine Radikalisierung</span></span></span></span></a></span></h2>



<div id="xr_xrii" class="xr_ap">
<div id="xr_xr" class="xr_ap">
<div id="xr_td" class="xr_td">
<div id="xr_xrc1" class="xr_ap xr_xri_ xr_xrc">
<div class="xr_s495" style="text-align: center;"><a href="https://www.strapp.de/parken" target="_blank" rel="noopener"><span style="font-family: impact, sans-serif; font-size: 20pt;">PARKEN &#8211; Öffentlicher Abstellraum</span></a></div>
<div>&nbsp;</div>
<div class="xr_s495" style="text-align: center;"><a href="https://www.strapp.de/radfahrer" target="_blank" rel="noopener"><span class="xr_tl xr_s495" style="font-size: 18pt; color: #ff9900;"><span class="xr_s499">Gesundheitsförderung</span></span></a></div>
<div>&nbsp;</div>
</div>
<div style="text-align: center;">&nbsp;</div>
<div id="xr_xrc1" class="xr_ap xr_xri_ xr_xrc">
<div>&nbsp;</div>
</div>
</div>
</div>
</div>



<p class="wp-block-paragraph"></p>

<p>Das Fahrrad ist das Paradies, aus dem wir vertrieben wurden. Vom Stand der Technik aus gesehen erscheint das Fahrrad als der Gipfel der Versöhnung von Mensch und Natur. Das Fahrrad als Versprechen einer humanen Moderne, einer humanen Technik, die sich &hellip; <a href="https://siegfriedtrapp.de/radblog/">Weiterlesen <span class="meta-nav">&rarr;</span></a></p>
